{"id":192,"date":"2021-02-11T10:35:02","date_gmt":"2021-02-11T10:35:02","guid":{"rendered":"https:\/\/www.soundlab.es\/?page_id=192"},"modified":"2021-02-11T10:35:03","modified_gmt":"2021-02-11T10:35:03","slug":"documentacion","status":"publish","type":"page","link":"https:\/\/www.soundlab.es\/index.php\/documentacion\/","title":{"rendered":"Documentaci\u00f3n"},"content":{"rendered":"<p>[et_pb_section fb_built=\u00bb1&#8243; _builder_version=\u00bb4.8.2&#8243; _module_preset=\u00bbdefault\u00bb locked=\u00bboff\u00bb][et_pb_row column_structure=\u00bb3_5,2_5&#8243; _builder_version=\u00bb4.8.2&#8243; _module_preset=\u00bbdefault\u00bb][et_pb_column type=\u00bb3_5&#8243; _builder_version=\u00bb4.8.2&#8243; _module_preset=\u00bbdefault\u00bb][et_pb_text _builder_version=\u00bb4.8.2&#8243; text_font=\u00bb||||||||\u00bb header_font=\u00bb||||||||\u00bb header_2_font=\u00bbPoppins|600|||||||\u00bb header_2_text_color=\u00bb#303030&#8243; header_2_font_size=\u00bb42px\u00bb header_2_line_height=\u00bb1.4em\u00bb header_4_font=\u00bbPoppins|600||on|||||\u00bb header_4_text_color=\u00bb#a0a6b0&#8243; header_4_letter_spacing=\u00bb4px\u00bb header_4_line_height=\u00bb1.8em\u00bb custom_margin=\u00bb||10px\u00bb animation_direction=\u00bbleft\u00bb hover_enabled=\u00bb0&#8243; header_2_font_size_tablet=\u00bb30px\u00bb header_2_font_size_phone=\u00bb25px\u00bb header_2_font_size_last_edited=\u00bbon|phone\u00bb header_4_font_size_tablet=\u00bb\u00bb header_4_font_size_phone=\u00bb12px\u00bb header_4_font_size_last_edited=\u00bbon|phone\u00bb locked=\u00bboff\u00bb sticky_enabled=\u00bb0&#8243;]<\/p>\n<h4>SERVICIOS<\/h4>\n<h2>Documentaci\u00f3n<\/h2>\n<p>[\/et_pb_text][et_pb_divider color=\u00bb#d32e12&#8243; divider_position=\u00bbcenter\u00bb divider_weight=\u00bb3px\u00bb _builder_version=\u00bb4.8.2&#8243; max_width=\u00bb80px\u00bb height=\u00bb3px\u00bb animation_direction=\u00bbleft\u00bb locked=\u00bboff\u00bb][\/et_pb_divider][et_pb_text _builder_version=\u00bb4.8.2&#8243; text_font=\u00bb||||||||\u00bb text_font_size=\u00bb16px\u00bb text_line_height=\u00bb2em\u00bb custom_margin=\u00bb||40px\u00bb animation_direction=\u00bbleft\u00bb hover_enabled=\u00bb0&#8243; text_font_size_tablet=\u00bb14px\u00bb text_font_size_phone=\u00bb\u00bb text_font_size_last_edited=\u00bbon|tablet\u00bb locked=\u00bboff\u00bb sticky_enabled=\u00bb0&#8243;]<\/p>\n<p><strong>Edificaci\u00f3n<\/strong><\/p>\n<p><a href=\"https:\/\/www.soundlab.es\/wp-content\/uploads\/2015\/12\/GUIA_DBHR_v02_septiembre_2014.pdf\">C\u00f3digo T\u00e9cnico de la Edificaci\u00f3n \u2013 Documento b\u00e1sico de Protecci\u00f3n de Frente al Ruido.<\/a><\/p>\n<p><a href=\"https:\/\/www.soundlab.es\/wp-content\/uploads\/2015\/12\/Real-Decreto-1371_2007-DB-HR-Protecci%C3%B3n-frente-al-ruido.pdf\">Real Decreto 1371\/2007 \u2013 Aprobaci\u00f3n del documento b\u00e1sico\u00a0\u00abDB-HR Protecci\u00f3n frente al ruido\u00bb del C\u00f3digo T\u00e9cnico de la Edificaci\u00f3n.\u00a0<\/a><\/p>\n<p><a href=\"https:\/\/www.soundlab.es\/wp-content\/uploads\/2015\/12\/Correciones-Real-Decreto-1371_2007-DB-HR-Protecci%C3%B3n-frente-al-ruido.pdf\">Correcci\u00f3n errores Real Decreto 1371\/2007\u00a0\u00abDB-HR Protecci\u00f3n frente al ruido\u00bb.<\/a><\/p>\n<p><a href=\"https:\/\/www.soundlab.es\/wp-content\/uploads\/2015\/12\/CAT-EC-v06.3_marzo_10.pdf\">C\u00f3digo T\u00e9cnico de la Edificaci\u00f3n \u2013 Cat\u00e1logo elementos constructivos.<\/a><\/p>\n<p><strong>Normativa Europea<\/strong><\/p>\n<p><a href=\"https:\/\/www.soundlab.es\/wp-content\/uploads\/2016\/01\/Directiva1.pdf\">Directiva 2002\/49\/CE del Parlamento Europeo sobre evaluaci\u00f3n y gesti\u00f3n del ruido ambiental.<\/a><\/p>\n<p><strong>Normativa Estatal<\/strong><\/p>\n<p><a href=\"https:\/\/www.soundlab.es\/wp-content\/uploads\/2016\/02\/Ley-37_2003-Ley-del-ruido.pdf\">Ley 37\/2003 del Ruido.<\/a><\/p>\n<p><a href=\"https:\/\/www.soundlab.es\/wp-content\/uploads\/2016\/02\/Real-Decreto-1367_2007-Reglamento-Ley-del-Ruido.pdf\">Real Decreto 1367\/2007 \u2013 Desarrollo Ley 37\/2003 en lo referente a zonificaci\u00f3n ac\u00fastica, objetivos de calidad y emisiones ac\u00faticas.<\/a><\/p>\n<p><a href=\"https:\/\/www.soundlab.es\/wp-content\/uploads\/2016\/02\/Real-Decreto-1513_2005-Reglamento-Ley-del-Ruido.pdf\">Real Decreto 1513\/2005 \u2013 Desarrollo Ley 37\/2003 en lo referente a la evaluaci\u00f3n y gesti\u00f3n del ruido ambiental.<\/a><\/p>\n<p><strong>Normativa Catalunya<\/strong><\/p>\n<p><a href=\"https:\/\/www.soundlab.es\/wp-content\/uploads\/2016\/02\/Llei-16_2002-Llei-de-portecci%C3%B3-contra-la-contaminaci%C3%B3-ac%C3%BAstica.pdf\">Ley 16\/2002 \u2013 Ley de protecci\u00f3n contra la contaminaci\u00f3n ac\u00fastica.<\/a><\/p>\n<p><a href=\"https:\/\/www.soundlab.es\/wp-content\/uploads\/2016\/02\/Decret-245_2005-Criteris-per-a-lelaboraci%C3%B3-dels-mapes-de-capacitat-ac%C3%BAstica.pdf\">Decreto 245\/2005 \u2013 Criterios para la elaboraci\u00f3n de los mapas de capacidad ac\u00fastica.<\/a><\/p>\n<p><a href=\"https:\/\/www.soundlab.es\/wp-content\/uploads\/2016\/02\/Decret-176_2009-Reglament-de-la-Llei-16_2002.pdf\">Decreto 176\/2009 Reglamento de la Ley 16\/2002 de protecci\u00f3n contra la contaminaci\u00f3n ac\u00fastica.<\/a><\/p>\n<p><strong>Normativa Municipal<\/strong><\/p>\n<p><a href=\"https:\/\/www.soundlab.es\/wp-content\/uploads\/2016\/02\/OMA_2011.pdf\">Ordenanza del Medio Ambiente de Barcelona (2011).<\/a><\/p>\n<p><a href=\"https:\/\/www.soundlab.es\/wp-content\/uploads\/2016\/02\/OMA-Annexos-modificacions-9-4-14.pdf\">Ordenanza del Medio Ambiente de Barcelona \u2013 Anexos modificados (2014).<\/a><\/p>\n<p><strong>Seguridad Laboral<\/strong><\/p>\n<p><a href=\"https:\/\/www.soundlab.es\/wp-content\/uploads\/2016\/02\/Real-Decreto-286_2006-Proteccion-trabajadores-frente-al-ruido.pdf\">Real Decreto 286\/2006 \u2013 Protecci\u00f3n de la salud y la seguridad de los trabajadores contra los riesgos relacionados con la exposici\u00f3n al ruido.<\/a><\/p>\n<p><a href=\"https:\/\/www.soundlab.es\/wp-content\/uploads\/2015\/12\/Correciones-Real-Decreto-286_2006-Protecci%C3%B3n-trabajadores-frente-al-ruido.pdf\">Correcci\u00f3n errores Real Decreto 286\/2006 \u2013 Protecci\u00f3n de la salud y la seguridad de los trabajadores contra los riesgos relacionados con la exposici\u00f3n al ruido.<\/a><\/p>\n<p>[\/et_pb_text][\/et_pb_column][et_pb_column type=\u00bb2_5&#8243; _builder_version=\u00bb4.8.2&#8243; _module_preset=\u00bbdefault\u00bb][et_pb_image src=\u00bbhttps:\/\/www.soundlab.es\/wp-content\/uploads\/2021\/02\/IMAG0239-scaled.jpg\u00bb title_text=\u00bbIMAG0239&#8243; _builder_version=\u00bb4.8.2&#8243; _module_preset=\u00bbdefault\u00bb hover_enabled=\u00bb0&#8243; sticky_enabled=\u00bb0&#8243;][\/et_pb_image][et_pb_image src=\u00bbhttps:\/\/www.soundlab.es\/wp-content\/uploads\/2021\/02\/mediciones-scaled.jpg\u00bb title_text=\u00bbmediciones\u00bb _builder_version=\u00bb4.8.2&#8243; _module_preset=\u00bbdefault\u00bb hover_enabled=\u00bb0&#8243; sticky_enabled=\u00bb0&#8243;][\/et_pb_image][et_pb_image src=\u00bbhttps:\/\/www.soundlab.es\/wp-content\/uploads\/2021\/02\/IMG_9649-scaled.jpg\u00bb title_text=\u00bbIMG_9649&#8243; _builder_version=\u00bb4.8.2&#8243; _module_preset=\u00bbdefault\u00bb hover_enabled=\u00bb0&#8243; sticky_enabled=\u00bb0&#8243;][\/et_pb_image][et_pb_image src=\u00bbhttps:\/\/www.soundlab.es\/wp-content\/uploads\/2021\/02\/30092011530.jpg\u00bb title_text=\u00bb30092011530&#8243; _builder_version=\u00bb4.8.2&#8243; _module_preset=\u00bbdefault\u00bb hover_enabled=\u00bb0&#8243; sticky_enabled=\u00bb0&#8243;][\/et_pb_image][\/et_pb_column][\/et_pb_row][\/et_pb_section]<\/p>\n","protected":false},"excerpt":{"rendered":"<p>[et_pb_section fb_built=\u00bb1&#8243; _builder_version=\u00bb4.8.2&#8243; _module_preset=\u00bbdefault\u00bb locked=\u00bboff\u00bb][et_pb_row column_structure=\u00bb3_5,2_5&#8243; _builder_version=\u00bb4.8.2&#8243; _module_preset=\u00bbdefault\u00bb][et_pb_column type=\u00bb3_5&#8243; _builder_version=\u00bb4.8.2&#8243; _module_preset=\u00bbdefault\u00bb][et_pb_text _builder_version=\u00bb4.8.2&#8243; text_font=\u00bb||||||||\u00bb header_font=\u00bb||||||||\u00bb header_2_font=\u00bbPoppins|600|||||||\u00bb header_2_text_color=\u00bb#303030&#8243; header_2_font_size=\u00bb42px\u00bb header_2_line_height=\u00bb1.4em\u00bb header_4_font=\u00bbPoppins|600||on|||||\u00bb header_4_text_color=\u00bb#a0a6b0&#8243; header_4_letter_spacing=\u00bb4px\u00bb header_4_line_height=\u00bb1.8em\u00bb custom_margin=\u00bb||10px\u00bb animation_direction=\u00bbleft\u00bb hover_enabled=\u00bb0&#8243; header_2_font_size_tablet=\u00bb30px\u00bb header_2_font_size_phone=\u00bb25px\u00bb header_2_font_size_last_edited=\u00bbon|phone\u00bb header_4_font_size_tablet=\u00bb\u00bb header_4_font_size_phone=\u00bb12px\u00bb header_4_font_size_last_edited=\u00bbon|phone\u00bb locked=\u00bboff\u00bb sticky_enabled=\u00bb0&#8243;] SERVICIOS Documentaci\u00f3n [\/et_pb_text][et_pb_divider color=\u00bb#d32e12&#8243; divider_position=\u00bbcenter\u00bb divider_weight=\u00bb3px\u00bb _builder_version=\u00bb4.8.2&#8243; max_width=\u00bb80px\u00bb height=\u00bb3px\u00bb animation_direction=\u00bbleft\u00bb locked=\u00bboff\u00bb][\/et_pb_divider][et_pb_text _builder_version=\u00bb4.8.2&#8243; text_font=\u00bb||||||||\u00bb text_font_size=\u00bb16px\u00bb text_line_height=\u00bb2em\u00bb custom_margin=\u00bb||40px\u00bb animation_direction=\u00bbleft\u00bb hover_enabled=\u00bb0&#8243; text_font_size_tablet=\u00bb14px\u00bb text_font_size_phone=\u00bb\u00bb text_font_size_last_edited=\u00bbon|tablet\u00bb locked=\u00bboff\u00bb [&hellip;]<\/p>\n","protected":false},"author":1,"featured_media":0,"parent":0,"menu_order":0,"comment_status":"closed","ping_status":"closed","template":"","meta":{"_et_pb_use_builder":"on","_et_pb_old_content":"","_et_gb_content_width":""},"_links":{"self":[{"href":"https:\/\/www.soundlab.es\/index.php\/wp-json\/wp\/v2\/pages\/192"}],"collection":[{"href":"https:\/\/www.soundlab.es\/index.php\/wp-json\/wp\/v2\/pages"}],"about":[{"href":"https:\/\/www.soundlab.es\/index.php\/wp-json\/wp\/v2\/types\/page"}],"author":[{"embeddable":true,"href":"https:\/\/www.soundlab.es\/index.php\/wp-json\/wp\/v2\/users\/1"}],"replies":[{"embeddable":true,"href":"https:\/\/www.soundlab.es\/index.php\/wp-json\/wp\/v2\/comments?post=192"}],"version-history":[{"count":3,"href":"https:\/\/www.soundlab.es\/index.php\/wp-json\/wp\/v2\/pages\/192\/revisions"}],"predecessor-version":[{"id":197,"href":"https:\/\/www.soundlab.es\/index.php\/wp-json\/wp\/v2\/pages\/192\/revisions\/197"}],"wp:attachment":[{"href":"https:\/\/www.soundlab.es\/index.php\/wp-json\/wp\/v2\/media?parent=192"}],"curies":[{"name":"wp","href":"https:\/\/api.w.org\/{rel}","templated":true}]}}