{"id":146,"date":"2021-02-10T13:09:00","date_gmt":"2021-02-10T13:09:00","guid":{"rendered":"https:\/\/www.soundlab.es\/?page_id=146"},"modified":"2021-02-18T09:18:33","modified_gmt":"2021-02-18T09:18:33","slug":"ensayos","status":"publish","type":"page","link":"https:\/\/www.soundlab.es\/index.php\/ensayos\/","title":{"rendered":"Ensayos"},"content":{"rendered":"<p>[et_pb_section fb_built=\u00bb1&#8243; _builder_version=\u00bb4.8.2&#8243; _module_preset=\u00bbdefault\u00bb][et_pb_row column_structure=\u00bb3_5,2_5&#8243; _builder_version=\u00bb4.8.2&#8243; _module_preset=\u00bbdefault\u00bb][et_pb_column type=\u00bb3_5&#8243; _builder_version=\u00bb4.8.2&#8243; _module_preset=\u00bbdefault\u00bb][et_pb_text _builder_version=\u00bb4.8.2&#8243; text_font=\u00bb||||||||\u00bb header_font=\u00bb||||||||\u00bb header_2_font=\u00bbPoppins|600|||||||\u00bb header_2_text_color=\u00bb#303030&#8243; header_2_font_size=\u00bb42px\u00bb header_2_line_height=\u00bb1.4em\u00bb header_4_font=\u00bbPoppins|600||on|||||\u00bb header_4_text_color=\u00bb#a0a6b0&#8243; header_4_letter_spacing=\u00bb4px\u00bb header_4_line_height=\u00bb1.8em\u00bb custom_margin=\u00bb||10px\u00bb animation_direction=\u00bbleft\u00bb header_2_font_size_tablet=\u00bb30px\u00bb header_2_font_size_phone=\u00bb25px\u00bb header_2_font_size_last_edited=\u00bbon|phone\u00bb header_4_font_size_tablet=\u00bb\u00bb header_4_font_size_phone=\u00bb12px\u00bb header_4_font_size_last_edited=\u00bbon|phone\u00bb locked=\u00bboff\u00bb]<\/p>\n<h4>SERVICIOS<\/h4>\n<h2>Ensayos<\/h2>\n<p>[\/et_pb_text][et_pb_divider divider_position=\u00bbcenter\u00bb divider_weight=\u00bb3px\u00bb _builder_version=\u00bb4.8.2&#8243; max_width=\u00bb80px\u00bb height=\u00bb3px\u00bb animation_direction=\u00bbleft\u00bb locked=\u00bboff\u00bb][\/et_pb_divider][et_pb_text _builder_version=\u00bb4.8.2&#8243; text_font=\u00bb||||||||\u00bb text_font_size=\u00bb16px\u00bb text_line_height=\u00bb2em\u00bb custom_margin=\u00bb||40px\u00bb animation_direction=\u00bbleft\u00bb text_font_size_tablet=\u00bb14px\u00bb text_font_size_phone=\u00bb\u00bb text_font_size_last_edited=\u00bbon|tablet\u00bb locked=\u00bboff\u00bb]<\/p>\n<p>Elaboramos certificados de mediciones ac\u00fasticas \u00abin situ\u00bb, bajo acreditaci\u00f3n y de acuerdo a los procedimientos normalizados y acorde a las normativas aplicables vigentes:<\/p>\n<p>[\/et_pb_text][et_pb_toggle title=\u00bbProcedimientos normalizados\u00bb _builder_version=\u00bb4.8.2&#8243; _module_preset=\u00bbdefault\u00bb title_text_color=\u00bb#303030&#8243; border_width_all=\u00bb0px\u00bb border_width_bottom=\u00bb1px\u00bb]<\/p>\n<p>\u2013 UNE-EN ISO 140-4:1999. Medici\u00f3n in situ del aislamiento ac\u00fastico al ruido a\u00e9reo entre locales (<strong>acreditado por ENAC y LEcce<\/strong>).<\/p>\n<p>\u2013 UNE-EN ISO 140-5:1999. Mediciones in situ del aislamiento ac\u00fastico a ruido a\u00e9reo de elementos de fachadas y de fachadas.<\/p>\n<p>\u2013 UNE-EN ISO 140-7:1999. Medici\u00f3n in situ del aislamiento ac\u00fastico de suelos al ruido de impactos.<\/p>\n<p>\u2013 UNE-EN ISO 3382-2:2008. Medici\u00f3n del tiempo de reverberaci\u00f3n en recintos ordinarios.<\/p>\n<p>\u2013 UNE-EN ISO 10140-2:2011. Medici\u00f3n en laboratorio del aislamiento ac\u00fastico al ruido a\u00e9reo de los elementos de construcci\u00f3n.<\/p>\n<p>\u2013 UNE-EN ISO 354:2004. Medici\u00f3n de la absorci\u00f3n ac\u00fastica en una c\u00e1mara reverberante.<\/p>\n<p>[\/et_pb_toggle][et_pb_toggle title=\u00bbNormativas\u00bb _builder_version=\u00bb4.8.2&#8243; _module_preset=\u00bbdefault\u00bb title_text_color=\u00bb#303030&#8243; border_width_all=\u00bb0px\u00bb border_width_bottom=\u00bb1px\u00bb]<\/p>\n<p><strong>Real Decreto 1367\/2007<\/strong>, de 19 de octubre, por el que se desarrolla la Ley 7\/2003, de 17 de noviembre, del Ruido, en lo referente a zonificaci\u00f3n ac\u00fastica, objetivos de calidad y emisiones ac\u00fasticas (<strong>acreditado por ENAC y LEcce en su anexo IV<\/strong>).<\/p>\n<p><strong>Decreto 176\/2009<\/strong>, de 10 de noviembre, por el cual se aprueba el Reglamento de la Ley 16\/2002, de 28 de junio, de protecci\u00f3n contra la contaminaci\u00f3n ac\u00fastica y se adaptan los anexos (<strong>acreditado como EPCA para niveles sonoros<\/strong>).<\/p>\n<p>Ordenanzas Municipales vigentes de cada localidad.<\/p>\n<p>CTE DB HR. C\u00f3digo T\u00e9cnico de la Edificaci\u00f3n \u2013 Documento B\u00e1sico de Protecci\u00f3n Frente al Ruido.<\/p>\n<p><a href=\"https:\/\/www.soundlab.es\/wp-content\/uploads\/2016\/01\/F-5.7.04-Listado-de-documentos-normativos-Rev.-1.pdf\">Listado de documentos normativos para los cuales el laboratorio declara conformidad:<\/a><\/p>\n<p><a href=\"https:\/\/www.soundlab.es\/contacto\/\">Solicitud de Oferta<\/a><\/p>\n<p>[\/et_pb_toggle][et_pb_toggle title=\u00bbMediciones\u00bb _builder_version=\u00bb4.8.2&#8243; _module_preset=\u00bbdefault\u00bb title_text_color=\u00bb#303030&#8243; border_width_all=\u00bb0px\u00bb border_width_bottom=\u00bb1px\u00bb]<\/p>\n<p><strong>Medici\u00f3n del aislamiento a ruido a\u00e9reo<\/strong><\/p>\n<p>Ensayo de medici\u00f3n \u201cin situ\u201d entre locales adyacentes, con el fin de evaluar el aislamiento ac\u00fastico existente. El procedimiento de medici\u00f3n se rige por la norma UNE-EN ISO 140-4:1999. Se tienen en cuenta las directrices expuestas en la norma UNE-EN ISO 140-14 para situaciones especiales. El m\u00e9todo de expresi\u00f3n de la evaluaci\u00f3n del aislamiento ac\u00fastico a ruido a\u00e9reo se basa en la norma UNE-EN ISO 717-1:2013. Tipos de ensayo: Medianeras, separaciones interiores, forjados, salas de m\u00e1quinas, locales comerciales, bares, restaurantes, particulares\u2026 Ensayo bajo acreditaci\u00f3n ENAC y LEcce.<\/p>\n<p><strong>Medici\u00f3n y evaluaci\u00f3n del ruido ambiental<\/strong><\/p>\n<p>Medida de los niveles de inmisi\u00f3n en ambiente interior\/exterior generados por las distintas fuentes de ruido. El procedimiento de medici\u00f3n se basa en el Anexo IV del Real Decreto 1367\/2007 y sobre el Decreto 176\/2009 bajo los cuales se amparan las diferentes ordenanzas municipales de reciente aparici\u00f3n. Tipos de ensayo: Actividades (hoteles, bares y restaurantes, comercios, supermercados, actividades, industria, obra civil y construcci\u00f3n\u2026 Ensayo bajo acreditaci\u00f3n ENAC y LEcce (anexo IV del Real Decreto 1367\/2007) y como EPCA (para niveles sonoros en Catalunya).<\/p>\n<p><strong>Medici\u00f3n del aislamiento de fachadas<\/strong><\/p>\n<p>Ensayo de medici\u00f3n \u201cin situ\u201d del aislamiento ac\u00fastico a ruido a\u00e9reo de fachadas y elementos de fachada, con el fin de evaluar el cumplimiento de los requisitos establecidos en la normativa aplicable. El procedimiento de medici\u00f3n se rige por la norma UNE-EN ISO 140-5:1999. El m\u00e9todo de expresi\u00f3n de la evaluaci\u00f3n del aislamiento ac\u00fastico a ruido a\u00e9reo se basa en la norma UNE-EN ISO 717-1:2013. Tipos de ensayo: Fachadas y elementos de fachada exteriores.<\/p>\n<p><strong>Medici\u00f3n del aislamiento a ruido de impactos<\/strong><\/p>\n<p>Ensayo de medici\u00f3n \u201cin situ\u201d entre locales adyacentes de los niveles de ruido recibidos, debido a la transmisi\u00f3n de vibraciones por v\u00eda estructural, con el fin de evaluar el cumplimiento del elemento en cuesti\u00f3n seg\u00fan los requisitos establecidos en la normativa aplicable. El procedimiento de medici\u00f3n se rige por la norma UNE-EN ISO 140-7:1999. Se tienen en cuenta las directrices expuestas en la norma UNE-EN ISO 140-14 para situaciones especiales. El m\u00e9todo de expresi\u00f3n de la evaluaci\u00f3n del aislamiento ac\u00fastico a ruido a\u00e9reo se basa en la norma UNE-EN ISO 717-2:2013. Tipos de ensayo: Forjados, suelos.<\/p>\n<p><strong>Medici\u00f3n del tiempo de reverberaci\u00f3n<\/strong><\/p>\n<p>Ensayo de medici\u00f3n \u201cin situ\u201d del tiempo de reverberaci\u00f3n de un recinto ordinario. El procedimiento de medici\u00f3n se rige por la norma UNE-EN ISO 3382-2:2008. Tipos de ensayo: Edificaci\u00f3n, industria, ocio, hosteler\u00eda, educaci\u00f3n&#8230;<\/p>\n<p><strong>Medici\u00f3n y evaluaci\u00f3n de vibraciones<\/strong><\/p>\n<p>Ensayo de medici\u00f3n \u201cin situ\u201d del nivel de vibraci\u00f3n existente generado por una actividad. El procedimiento de medici\u00f3n se basa en el Anexo IV del Real Decreto 1367\/2007 y sobre el Decreto 176\/2009 bajo los cuales se amparan las diferentes ordenanzas municipales de reciente aparici\u00f3n. Tipos de ensayo: Edificaci\u00f3n, industria, ocio, hosteler\u00eda, actividades en general&#8230;<\/p>\n<p><strong>Medici\u00f3n del aislamiento al ruido a\u00e9reo de elementos de construcci\u00f3n<\/strong><\/p>\n<p>Ensayo de medici\u00f3n \u201cin situ\u201d con el fin de evaluar el aislamiento ac\u00fastico a ruido a\u00e9reo existente de un elemento de construcci\u00f3n. El procedimiento de medici\u00f3n se rige por la norma UNE-EN ISO 10140-2:2011. El m\u00e9todo de expresi\u00f3n de la evaluaci\u00f3n del aislamiento ac\u00fastico a ruido a\u00e9reo se basa en la norma UNE-EN ISO 717-1:2013. Tipos de ensayo: Puertas, paneles ac\u00fasticos, ventanas, cristaleras&#8230;<\/p>\n<p><strong>Medici\u00f3n de la absorci\u00f3n ac\u00fastica de materiales<\/strong><\/p>\n<p>Ensayo de medici\u00f3n \u201cin situ\u201d con el fin de evaluar el coeficiente de absorci\u00f3n de materiales ac\u00fasticos. El procedimiento de medici\u00f3n se rige por la norma UNE-EN ISO 354:2004. Tipos de ensayo: Paneles fonoabsorbentes, difusores, espumas, placas modulares&#8230;<\/p>\n<p><strong>Monitorizaci\u00f3n de ruido<\/strong><\/p>\n<p>Mediciones de ruido de larga duraci\u00f3n en interior con son\u00f3metros conectados a plataforma web que permiten la visualizaci\u00f3n de resultados del nivel de ruido de forma continua durante largos periodos de tiempo.<\/p>\n<p>[\/et_pb_toggle][\/et_pb_column][et_pb_column type=\u00bb2_5&#8243; _builder_version=\u00bb4.8.2&#8243; _module_preset=\u00bbdefault\u00bb][et_pb_image src=\u00bbhttps:\/\/www.soundlab.es\/wp-content\/uploads\/2021\/02\/1439-010.jpg\u00bb title_text=\u00bb1439- 010&#8243; _builder_version=\u00bb4.8.2&#8243; _module_preset=\u00bbdefault\u00bb][\/et_pb_image][\/et_pb_column][\/et_pb_row][et_pb_row _builder_version=\u00bb4.8.2&#8243; _module_preset=\u00bbdefault\u00bb][et_pb_column _builder_version=\u00bb4.8.2&#8243; _module_preset=\u00bbdefault\u00bb type=\u00bb4_4&#8243;][et_pb_image src=\u00bbhttps:\/\/www.soundlab.es\/wp-content\/uploads\/2021\/02\/colage-mediciones-2-scaled.jpg\u00bb _builder_version=\u00bb4.8.2&#8243; _module_preset=\u00bbdefault\u00bb title_text=\u00bbcolage mediciones 2&#8243; hover_enabled=\u00bb0&#8243; sticky_enabled=\u00bb0&#8243;][\/et_pb_image][\/et_pb_column][\/et_pb_row][\/et_pb_section]<\/p>\n","protected":false},"excerpt":{"rendered":"<p>[et_pb_section fb_built=\u00bb1&#8243; _builder_version=\u00bb4.8.2&#8243; _module_preset=\u00bbdefault\u00bb][et_pb_row column_structure=\u00bb3_5,2_5&#8243; _builder_version=\u00bb4.8.2&#8243; _module_preset=\u00bbdefault\u00bb][et_pb_column type=\u00bb3_5&#8243; _builder_version=\u00bb4.8.2&#8243; _module_preset=\u00bbdefault\u00bb][et_pb_text _builder_version=\u00bb4.8.2&#8243; text_font=\u00bb||||||||\u00bb header_font=\u00bb||||||||\u00bb header_2_font=\u00bbPoppins|600|||||||\u00bb header_2_text_color=\u00bb#303030&#8243; header_2_font_size=\u00bb42px\u00bb header_2_line_height=\u00bb1.4em\u00bb header_4_font=\u00bbPoppins|600||on|||||\u00bb header_4_text_color=\u00bb#a0a6b0&#8243; header_4_letter_spacing=\u00bb4px\u00bb header_4_line_height=\u00bb1.8em\u00bb custom_margin=\u00bb||10px\u00bb animation_direction=\u00bbleft\u00bb header_2_font_size_tablet=\u00bb30px\u00bb header_2_font_size_phone=\u00bb25px\u00bb header_2_font_size_last_edited=\u00bbon|phone\u00bb header_4_font_size_tablet=\u00bb\u00bb header_4_font_size_phone=\u00bb12px\u00bb header_4_font_size_last_edited=\u00bbon|phone\u00bb locked=\u00bboff\u00bb] SERVICIOS Ensayos [\/et_pb_text][et_pb_divider divider_position=\u00bbcenter\u00bb divider_weight=\u00bb3px\u00bb _builder_version=\u00bb4.8.2&#8243; max_width=\u00bb80px\u00bb height=\u00bb3px\u00bb animation_direction=\u00bbleft\u00bb locked=\u00bboff\u00bb][\/et_pb_divider][et_pb_text _builder_version=\u00bb4.8.2&#8243; text_font=\u00bb||||||||\u00bb text_font_size=\u00bb16px\u00bb text_line_height=\u00bb2em\u00bb custom_margin=\u00bb||40px\u00bb animation_direction=\u00bbleft\u00bb text_font_size_tablet=\u00bb14px\u00bb text_font_size_phone=\u00bb\u00bb text_font_size_last_edited=\u00bbon|tablet\u00bb locked=\u00bboff\u00bb] Elaboramos certificados de mediciones ac\u00fasticas [&hellip;]<\/p>\n","protected":false},"author":1,"featured_media":0,"parent":0,"menu_order":0,"comment_status":"closed","ping_status":"closed","template":"","meta":{"_et_pb_use_builder":"on","_et_pb_old_content":"","_et_gb_content_width":""},"_links":{"self":[{"href":"https:\/\/www.soundlab.es\/index.php\/wp-json\/wp\/v2\/pages\/146"}],"collection":[{"href":"https:\/\/www.soundlab.es\/index.php\/wp-json\/wp\/v2\/pages"}],"about":[{"href":"https:\/\/www.soundlab.es\/index.php\/wp-json\/wp\/v2\/types\/page"}],"author":[{"embeddable":true,"href":"https:\/\/www.soundlab.es\/index.php\/wp-json\/wp\/v2\/users\/1"}],"replies":[{"embeddable":true,"href":"https:\/\/www.soundlab.es\/index.php\/wp-json\/wp\/v2\/comments?post=146"}],"version-history":[{"count":7,"href":"https:\/\/www.soundlab.es\/index.php\/wp-json\/wp\/v2\/pages\/146\/revisions"}],"predecessor-version":[{"id":857,"href":"https:\/\/www.soundlab.es\/index.php\/wp-json\/wp\/v2\/pages\/146\/revisions\/857"}],"wp:attachment":[{"href":"https:\/\/www.soundlab.es\/index.php\/wp-json\/wp\/v2\/media?parent=146"}],"curies":[{"name":"wp","href":"https:\/\/api.w.org\/{rel}","templated":true}]}}